7?
False
Does 8 divide 407721?
False
Is 41 a factor of 2329087?
True
Does 16 divide 11825456?
True
Does 20 divide 4285440?
True
Does 4 divide 5610?
False
Does 174 divide 419569?
False
Does 13 divide 522860?
True
Is 77 a factor of 23925?
False
Is 125227 a multiple of 155?
False
Is 18 a factor of 9989?
False
Is 63968 a multiple of 10?
False
Does 49 divide 17836?
True
Is 5 a factor of 278662?
False
Does 15 divide 1864406?
False
Does 354 divide 1330618?
False
Is 6106730 a multiple of 805?
True
Is 14 a factor of 6223367?
False
Does 16 divide 1782166?
False
Is 3776132 a multiple of 24?
False
Is 230312 a multiple of 47?
False
Is 5076909 a multiple of 317?
False
Is 7 a factor of 2160824?
False
Does 20 divide 31380?
True
Is 532548 a multiple of 36?
True
Is 166 a factor of 10622506?
True
Is 29 a factor of 4895925?
True
Is 8689917 a multiple of 443?
False
Is 49 a factor of 70115?
False
Is 395275 a multiple of 97?
True
Does 14 divide 3865871?
False
Does 12 divide 236196?
True
Is 128 a factor of 82669?
False
Is 9 a factor of 465995?
False
Is 21 a factor of 12771213?
True
Is 11 a factor of 140052?
True
Does 12 divide 365376?
True
Is 8 a factor of 11217?
False
Does 35 divide 61495?
True
Does 5 divide 6720?
True
Does 10 divide 43842?
False
Does 16 divide 396528?
True
Does 73 divide 614362?
False
Does 6 divide 18316?
False
Does 24 divide 1719520?
False
Is 571 a factor of 46260?
False
Does 23 divide 25357?
False
Is 106 a factor of 155342?
False
Does 138 divide 2510187?
False
Does 21 divide 4119927?
True
Is 12793 a multiple of 107?
False
Does 88 divide 136752?
True
Is 28 a factor of 30940?
True
Is 331091 a multiple of 79?
False
Does 164 divide 4902616?
True
Is 5768820 a multiple of 45?
True
Is 16 a factor of 416976?
True
Does 285 divide 8887813?
False
Does 27 divide 731979?
False
Does 78 divide 13790946?
True
Does 353 divide 1236206?
True
Does 7 divide 9841851?
False
Is 161 a factor of 291410?
True
Is 747582 a multiple of 1046?
False
Is 4878102 a multiple of 40?
False
Does 124 divide 169280?
False
Is 200 a factor of 86200?
True
Is 672776 a multiple of 104?
True
Is 1439675 a multiple of 274?
False
Is 11 a factor of 442139?
False
Does 96 divide 458714?
False
Does 447 divide 904281?
True
Does 19 divide 6108937?
True
Does 9 divide 955908?
True
Is 46 a factor of 795792?
False
Is 141627 a multiple of 17?
True
Is 62 a factor of 2675858?
True
Is 1596252 a multiple of 21?
True
Does 733 divide 612360?
False
Does 28 divide 623533?
False
Does 2 divide 1034717?
False
Is 3 a factor of 1580?
False
Does 8 divide 7025137?
False
Is 696218 a multiple of 432?
False
Is 33 a factor of 241593?
True
Is 112 a factor of 2461424?
True
Is 441 a factor of 3063186?
True
Does 65 divide 155602?
False
Is 4706027 a multiple of 31?
False
Does 380 divide 2727619?
False
Is 2240246 a multiple of 72?
False
Does 6 divide 938646?
True
Does 12 divide 1415905?
False
Is 563 a factor of 1872538?
True
Is 410 a factor of 2559430?
False
Is 9 a factor of 563958?
True
Is 23 a factor of 15301187?
True
Does 11 divide 196386?
False
Does 23 divide 6249399?
True
Is 73 a factor of 13675580?
False
Does 38 divide 6445720?
False
Is 82126 a multiple of 11?
True
Does 196 divide 242041?
False
Does 16 divide 126721?
False
Is 70 a factor of 120717?
False
Is 1190949 a multiple of 225?
False
Does 686 divide 4967481?
False
Does 11 divide 914507?
True
Is 121 a factor of 683166?
True
Is 152 a factor of 446735?
False
Is 5104054 a multiple of 139?
False
Does 178 divide 286462?
False
Is 10 a factor of 1481540?
True
Is 723040 a multiple of 450?
False
Is 877 a factor of 7319442?
True
Is 203 a factor of 319319?
True
Does 2 divide 366801?
False
Does 154 divide 1638098?
True
Is 82 a factor of 291018?
True
Is 161374 a multiple of 63?
False
Is 602 a factor of 346150?
True
Is 19 a factor of 2931121?
False
Is 22 a factor of 54494?
True
Does 13 divide 786942?
True
Does 8 divide 10718384?
True
Is 146878 a multiple of 31?
True
Is 152 a factor of 846032?
True
Is 11 a factor of 256532?
False
Is 350653 a multiple of 385?
False
Is 533195 a multiple of 65?
True
Is 175047 a multiple of 34?
False
Does 154 divide 35266?
True
Is 172974 a multiple of 762?
True
Is 4 a factor of 1386539?
False
Does 48 divide 300984?
False
Is 273350 a multiple of 50?
True
Is 5534371 a multiple of 651?
False
Is 537587 a multiple of 4?
False
Does 296 divide 4415136?
True
Is 26 a factor of 1016148?
False
Is 12 a factor of 269142?
False
Does 157 divide 1987620?
True
Is 1495462 a multiple of 3?
False
Does 2 divide 8487?
False
Does 156 divide 339300?
True
Is 19 a factor of 266381?
False
Is 24 a factor of 1544086?
False
Does 132 divide 7409160?
True
Does 19 divide 752651?
False
Does 11 divide 25520?
True
Is 183 a factor of 2418918?
False
Does 16 divide 314048?
True
Is 32 a factor of 153504?
True
Is 11775348 a multiple of 39?
True
Is 15014142 a multiple of 418?
True
Is 80 a factor of 418880?
True
Is 3779843 a multiple of 140?
False
Is 48 a factor of 148032?
True
Does 154 divide 5071337?
False
Is 17 a factor of 1146480?
True
Does 95 divide 35076?
False
Is 243795 a multiple of 344?
False
Does 53 divide 221157?
False
Does 62 divide 3082764?
True
Does 500 divide 21000?
True
Is 294546 a multiple of 9?
False
Is 163973 a multiple of 57?
False
Is 23 a factor of 2779950?
False
Does 320 divide 3016000?
True
Is 154764 a multiple of 108?
True
Is 115276 a multiple of 46?
True
Is 20 a factor of 152180?
True
Is 1607418 a multiple of 34?
True
Is 105 a factor of 43331?
False
Is 10 a factor of 216282?
False
Is 1106 a factor of 4233631?
False
Is 16 a factor of 186757?
False
Is 46 a factor of 7928054?
True
Is 199 a factor of 237208?
True
Is 92 a factor of 2564217?
False
Is 228144 a multiple of 194?
True
Is 55986 a multiple of 301?
True
Is 353657 a multiple of 179?
False
Is 619061 a multiple of 37?
False
Does 158 divide 2883654?
False
Does 1461 divide 9682047?
True
Is 159 a factor of 371901?
True
Does 95 divide 3893859?
False
Is 26970 a multiple of 29?
True
Does 25 divide 2397097?
False
Does 923 divide 2689199?
False
Is 357565 a multiple of 113?
False
Is 497814 a multiple of 174?
True
Is 443 a factor of 5913162?
False
Is 53 a factor of 513517?
True
Is 129 a factor of 6507967?
False
Is 12690348 a multiple of 33?
True
Does 154 divide 8986627?
False
Does 10 divide 1771780?
True
Does 271 divide 1220855?
True
Does 3 divide 1315?
False
Does 53 divide 6837?
True
Does 108 divide 88762?
False
Is 97792 a multiple of 255?
False
Is 207972 a multiple of 477?
True
Does 15 divide 16326?
False
Is 7038759 a multiple of 1729?
True
Does 15 divide 3075?
True
Is 169 a factor of 782639?
True
Is 14869224 a multiple of 46?
True
Is 921 a factor of 4068057?
True
Is 3926245 a multiple of 13?
False
Is 15 a factor of 466794?
False
Is 27154092 a multiple of 1988?
True
Does 1257 divide 17336544?
True
Is 7639 a multiple of 7?
False
Is 11 a factor of 5709?
True
Is 13 a factor of 803023?
True
Is 52908 a multiple of 11?
False
Is 544643 a multiple of 42?
False
Does 148 divide 45201?
False
Is 19 a factor of 275196?
True
Is 858493 a multiple of 60?
False
Does 36 divide 213912?
True
Is 274979 a multiple of 31?
False
Does 395 divide 573145?
True
Is 125 a factor of 29375?
True
Does 144 divide 290956?
False
Does 100 divide 130300?
True
Is 67 a factor of 325017?
True
Is 3518438 a multiple of 121?
True
Is 23464 a multiple of 14?
True
Is 216837 a multiple of 10?
False
Does 44 divide 3925019?
False
Does 20 divide 566320?
True
Is 53 a factor of 1004774?
True
Is 192357 a multiple of 87?
True
Does 258 divide 7663116?
True
Does 12 divide 217180?
False
Is 121 a factor of 2434278?
True
Is 107106 a multiple of 25?
False
Is 1184 a factor of 13225085?
False
Is 37 a factor of 222851?
True
Does 67 divide 81507?
False
Is 3852688 a multiple of 112?
True
Does 230 divide 49913?
False
Is 17 a factor of 14790?
True
Is 24 a factor of 1946069?
False
Does 9 divide 26400649?
False
Does 599 divide 5193929?
True
Is 314524 a multiple of 28?
True
Does 42 divide 2328554?
False
Is 70670 a multiple of 191?
True
Does 128 divide 360832?
True
Does 193 divide 1977478?
True
Is 4445427 a multiple of 8?
False
Is 16279464 a multiple of 24?
True
Does 129 divide 689505?
True
Is 873090 a multiple of 10?
True
Does 72 divide 18544536?
True
Is 347580 a multiple of 90?
True
Is 303 a f